late d(-5).
-6
Let j = -321 + 440. Let y(s) = 125*s**2 + 4*s + j*s**2 - 365*s**2 + 6 + 120*s**2. Give y(6).
-6
Suppose 34*o + 10643 = 11017. Let n(l) = 2*l - 48. Give n(o).
-26
Let y(x) = -525*x**2 - 531*x**2 + 1574*x**2 + 1 - 522*x**2 + 2*x. Suppose -o = 5*t + 1, -5*t + o - 4 - 5 = 0. Give y(t).
-5
Let q be 3/(-2 + 28/8). Let j be (q/(-4))/(-1)*16. Let o(n) = 22*n + 7. Let b(w) = -6*w. Let k(s) = 4*b(s) + o(s). Give k(j).
-9
Let b(t) = 2*t**2 + t**2 - 8 - 10*t**2 + 10*t + 9*t**2 - t**2. Determine b(-10).
-8
Let g be (-1)/(17/85) - (-13 + 1). Let d(z) = 3*z - 24. What is d(g)?
-3
Let t(o) = -o**2 - 31*o - 234. Let j be 33/(-2) + 49/(-98). Give t(j).
4
Let o(u) = -u**2 - 8*u. Let y(d) = 3*d**2 + 17*d + 1. Let r(k) = -5*o(k) - 2*y(k). Determine r(3).
7
Let i be ((-48)/15)/(52/(-130)). Let j(f) = 1 - 2 + f - 14*f + i*f. Let g(b) = b**2 - 8*b + 2. Let u be g(8). What is j(u)?
-11
Let v(q) = -2*q. Let p be v(-5). Let k(b) be the third derivative of -b**5/60 + b**4/2 - 2*b**3 - 6385*b**2. Determine k(p).
8
Suppose -38 = -5*o + i + 3*i, -2*i - 4 = 0. Let m(d) be the third derivative of -d**5/60 + 5*d**4/24 - d**3/6 + 2*d**2 + 2. What is m(o)?
-7
Let a = 19380 - 19388. Let x(t) = 8*t + 86. Give x(a).
22
Let i(u) = 2*u - 21. Suppose -54*j - 2*w = -59*j + 643, -4*w = -5*j + 651. Suppose -124*v + j*v - 27 = 0. What is i(v)?
-3
Let o(z) = 2657*z + 2175 - 2681*z - z**2 - 2122. Give o(-28).
-59
Suppose -3 = -z + p, -7*z - 2*p = -2*z - 1. Let o(c) be the second derivative of 1/3*c**3 + 0 + 1/20*c**5 - 1/2*c**2 - 21*c - 1/12*c**4. Determine o(z).
1
Let z(q) = -2 - 1434*q + 477*q + 481*q + 468*q. Calculate z(8).
-66
Suppose 4*w - 4*x - 20 = 0, 18*x = w + 13*x - 17. Suppose -4*k + 3*l + 10 = 41, 16 = -2*k + w*l. Let y(s) = -s**3 - 7*s**2 - 3*s - 3. Calculate y(k).
18
Let w(t) = 53 - 10*t + 5 + 29*t**2 - 28*t**2 + 60*t + 55. Determine w(-48).
17
Let g(i) = i**3 - 9*i**2 + 11*i - 8. Let z(j) = -j**2 + 39*j - 263. Let n be z(30). Determine g(n).
-29
Let h(k) = -k**2 - k + 10. Let p be h(-2). Let x(d) = 3*d**3 - 2*d**3 + 15 - 5*d - p - 5 - 4*d**2. Give x(5).
2
Let y(s) = -9*s**3 + 14*s**2 + 6*s - 11. Suppose -7*m - 26 = 23. Let n(i) = 5*i**3 - 7*i**2 - 4*i + 6. Let r(a) = m*n(a) - 4*y(a). Determine r(6).
-10
Suppose -5*l + 94 = -5*t - 6, -2*l = 2*t - 56. Let x(z) = 2*z**2 - 46*z - 48. Let j be x(l). Let y(v) = -v**2 - v - 30. Determine y(j).
-30
Let x(z) = -z - 36. Let t be x(-38). Let s(f) = f**3 - 3*f**2 + 11*f - 15. What is s(t)?
3
Let u(w) = w**3 - 2*w**2 + 2*w + 1. Let l(i) = 4*i**2 + 8*i - 83. Let x be l(6). Let k = -109 + x. Calculate u(k).
1
Let g(q) be the second derivative of q**5/30 + 5*q**3 + q**2 + 37*q. Let t(h) be the second derivative of g(h). Give t(1).
4
Let k(n) = -n**2 + 6*n - 1. Let y be (192/(-80))/(3/(-10)). Suppose 2*r - 7 = -u, y*r - 3*r + u - 25 = 0. Let b be (-2)/r*(-12 + -3 + 3). Calculate k(b).
7
Suppose 2*z - 4 = 4*z. Let k be (1 + z/4)*-2. Let n(s) = -4*s + 0*s - 17 - 3*s - 4*s + 16. What is n(k)?
10
Let m(b) = -3*b**2 + 12*b + 12. Let j(i) = 2*i**2 - 11*i - 11. Let c(s) = 4*j(s) + 3*m(s). Suppose -u + 20 = -3*k, u - 4*k + 14 = 43. Calculate c(u).
-1
Let q(h) = 208*h - 70*h - 76*h - 1 - 73*h. Suppose -2*a + 2*f = 2, 0 = -2*a - f - 2. Calculate q(a).
10
Let n(g) be the first derivative of -9*g**2/2 - 40*g + 76. Let b be n(-5). Let s(t) = t**3 - 5*t**2 - t + 3. Calculate s(b).
-2
Let d(i) = -i**3 - 21*i**2 - 23*i - 35. Let w be (1746/(-30))/3 - (-21)/(-35). Determine d(w).
25
Let y(k) = -8*k**3 + 6*k**2 - 3*k + 1. Let h(s) = -15*s**3 + 1 + 10*s**2 - 4 + 5 + 0 - 5*s. Let f(w) = -3*h(w) + 5*y(w). Determine f(1).
4
Let o(p) be the third derivative of p**4/6 - 8*p**3/3 + 10*p**2. Let s(q) = q**2 + 23*q - 205. Let x be s(-30). Give o(x).
4
Let m = -5 + 1. Let r(x) = -18778 + 9394 + 9390 + 2*x. What is r(m)?
-2
Suppose -4*y = 5 - 17, -4*a + 148 = -4*y. Let l = 28 - 28. Let k(o) = o**2 - 39*o**3 + a*o**3 + 0*o**2 + l*o - 11 + o. Calculate k(0).
-11
Let x(p) = 485*p - 7280. Let b be x(15). Let r(s) = -3*s**3 - 11*s**2 + 6*s - 6. Determine r(b).
64
Let c(z) = 2 - 5394*z - 5390*z - z**2 + 10792*z. Calculate c(5).
17
Suppose 4*f + 10*o - 12 = 9*o, -2*o - 2 = -5*f. Let g(b) = -b**3 + 5*b**2 - 5*b + 1. Determine g(f).
3
Let j(h) = 3 - 2 + 0 + 3*h. Let f(k) = -4*k - 84 + 77 + 2*k. Let a be f(-4). Determine j(a).
4
Let r(x) be the first derivative of x**6/120 + 7*x**5/60 + 29*x**2/2 + 9. Let l(j) be the second derivative of r(j). Calculate l(-7).
0
Let j(o) = 3*o**3 + 8*o**2 - 178*o - 18. Let t(x) = -5*x**3 - 14*x**2 + 311*x + 32. Let p(k) = -7*j(k) - 4*t(k). Suppose -2*i = -4*i + 2. Calculate p(i).
-1
Let b = 1537 - 1569. Let j(m) = 2*m + 62. Give j(b).
-2
Let o(t) be the first derivative of -3/2*t**2 - 2*t + 2/3*t**3 + 22. Suppose j + 0*p = -3*p - 2, -5*j + 26 = -3*p. What is o(j)?
18
Let u(s) = 2*s**3 + 26*s**2 + 3*s + 43. Let h(o) = -46*o**2 - 267*o + 41. Let d be h(-6). Give u(d).
4
Let g(v) be the second derivative of -3*v**5/20 + v**3/2 + v**2 - 86*v. Calculate g(3).
-70
Let q(o) = -8*o - 11. Let r(u) = -u + 7. Let h(c) = q(c) - 4*r(c). Calculate h(-8).
-7
Let j(z) be the second derivative of z**5/20 + 9*z**4/4 + z**3/3 + 59*z**2/2 + 24*z - 38. Give j(-27).
5
Let g(a) = a**3 + 9*a**2 + 7*a - 8. Let i = 174 - 170. Suppose 0 = -5*x - i*r - 52, 4*x + 5*r + 47 = -0*r. What is g(x)?
0
Let f(g) = 276*g - 11 + 24 - 277*g. Suppose 5*u + 3*y = -0*y + 46, -5*y + 34 = 3*u. Calculate f(u).
5
Let b(u) = u - 1. Suppose -6 = -3*c - 0. Let f = 21 - 0. Suppose 3*x - 3*r = -f, -4*x + 2*x = c*r + 10. Determine b(x).
-7
Let j(x) = -x**2 - x. Let k(d) = 7*d**2 - 3 + 4*d - 8 + 12. Let y(r) = 3*j(r) + k(r). Give y(-1).
4
Let w(k) = k**3 - 100*k**2 - 11*k + 1105. Let t be w(100). Let a(f) = 3*f + 36. Determine a(t).
51
Suppose -25 = a - 23. Let i(y) = 135*y**2 - 2*y - 70*y**2 - 2 - 74*y**2. Determine i(a).
-34
Let i(v) be the third derivative of -v**6/24 - v**5/20 + v**4/24 + v**3/6 + 9*v**2 + 29*v. Determine i(-2).
27
Let h(k) = 9*k + 6. Suppose 3*j + 45*v - 7 = 44*v, 2*v - 11 = -3*j. Calculate h(j).
15
Let r(w) = -w**2 + 7*w - 8. Let p = -5256 + 5262. Calculate r(p).
-2
Let c(v) = -5*v**3 - v**2 - 8*v + 9. Let n(g) = -3*g**3 - 5*g + 6. Let o(i) = -5*c(i) + 8*n(i). Let b = -3 + 1. Let s be 5/(-4)*(-8)/b. Give o(s).
3
Let t(l) = -17*l - 86. Let g(w) = -26*w - 129. Let k(p) = 7*g(p) - 11*t(p). Calculate k(-7).
8
Let t = 114 - 64. Let k = -48 + t. Let m be k*3/12*(14 + -24). Let g(x) = -x**3 - 6*x**2 - 6*x - 6. Calculate g(m).
-1
Let y(l) = -63 + 176 + 2*l - 45 - 62. Determine y(-1).
4
Let u(l) = 20*l**3 - 2*l**2 + 8*l. Let q(y) = -41*y**3 + 4*y**2 - 15*y. Let n(r) = -6*q(r) - 11*u(r). Determine n(1).
26
Let l(i) = 2*i**3 + 12*i**2 + 11*i - 2. Let j be 48/60 - (-2 + (-117)/(-15)). Determine l(j).
-7
Let o(d) = -d**3 - 3*d**2 + 14*d + 4. Let m(k) = k**3 + 4*k**2 - 15*k - 3. Let f(z) = 3*m(z) + 2*o(z). Calculate f(-8).
7
Suppose 16 = 4*q + 8. Suppose 0*j + j = -q, 228 = 2*u - 4*j. Let d(w) = w + 112 - 3*w - u. Calculate d(2).
-2
Let t(f) = f**2 + 7*f + 15. Let o(a) = a**3 + 5*a**2 - 5*a - 30. Let v be o(-5). What is t(v)?
5
Let l(j) = -7*j**3 + 1. Let o(q) = 32*q**3 + 156*q**2 - 2*q + 93. Let t(p) = -5*l(p) - o(p). What is t(52)?
6
Let u(f) = -f**2 + 2*f + 5. Let n(c) = 4*c**2 + 44*c + 211. Let q(k) = n(k) + 3*u(k). Determine q(-5).
1
Let s(t) = t**2 - 75*t - 13. Let b(i) = 3*i**2 - 241*i - 39. Let o(w) = 4*b(w) - 13*s(w). Give o(11).
13
Let z be (-352)/96 - ((-16)/6)/(-2). Let v(f) be the second derivative of -3*f**2 - 5/6*f**3 + 19*f + 0. Determine v(z).
19
Let u be (48/(-40))/((-4)/40). Let x(g) = -3 - 11*g**3 + 15 - g + u*g**3. Give x(0).
12
Let i(h) = 4 + 3 + 8*h + 0 + 2 - 3. Calculate i(-5).
-34
Let h(j) = j**2 - 8*j + 3. Let n = -30 - -30. Let y(d) = 3*d + 43. Let g be y(n). Let u = 51 - g. Determine h(u).
3
Let w = 561 + -557. Let n be ((-59)/(-59))/(2/w). Let i(u) = u**2 - 4*u. Give i(n).
-4
Let l(a) = a**2 - 2. Let p = 85 - 87. Let x be l(p). Let m(t) = 6*t - 3. What is m(x)?
9
Let b = -1632 - -1665. Let n(u) = u**3 - 33*u**2 + 2*u - 67. Calculate n(b).
-1
Let x(c) = -76*c - 9. Let y be x(-1). Suppose 7*i = y - 39. Let j(v) = 4*v**2 - 6*v + 1. Determine j(i).
41
Let w(c) = c - 3*c - 2*c - 2. Let r be (0 + -3)/(1 + (-45)/40). Let i be 3*2*((-32)/r)/4. Give w